j(t).
-4
Suppose -4*v - 2 = -14. Let m(d) = 2*d**2 - 4*d + 2. What is m(v)?
8
Let d(t) be the third derivative of -t**5/60 + t**4/3 - 5*t**3/6 + 9*t**2. Give d(7).
2
Let a(k) be the third derivative of -k**4/12 - 5*k**3/6 + 13*k**2. Determine a(-5).
5
Let t(f) = -f + 2. Suppose 2*o = 3*u + u - 6, 3 = 5*u - 4*o. Suppose 2*m = -2 + 12. Let b = u - m. Give t(b).
4
Let k(a) = 3*a**3 - 3*a**2 - 3*a + 1. Let r(f) = 4*f**3 - 4*f**2 - 4*f + 2. Let p(t) = -3*k(t) + 2*r(t). Suppose -3*j = j - 8. Give p(j).
-1
Let u(g) = 4*g + 58 - 56 + 3*g**2 + 2*g**3 - g**3. Give u(-2).
-2
Let u(x) = 22*x - 8*x - 4*x - 9*x. Calculate u(1).
1
Let h(i) = -i - 8. Let a(f) = -12*f + f**3 - 11 + 4*f**2 + 2*f + 6*f**2 - 2*f. Let s be a(-11). Determine h(s).
-8
Let f(a) = 7*a**3 - 11*a**2 + 21*a - 7. Let r(o) = -3*o**3 + 6*o**2 - 10*o + 4. Let u(l) = -2*f(l) - 5*r(l). Calculate u(7).
1
Let q(w) be the third derivative of 0 + 5/6*w**3 + 0*w - 7/24*w**4 + 1/60*w**5 + 8*w**2. What is q(6)?
-1
Let s be 6/4 + (-2)/(-4). Let t(m) = -m + 4 - 1 + s*m. What is t(-6)?
-3
Let u(j) = 3*j**2 + j. Let x = -47 - -48. Calculate u(x).
4
Let i(n) = 6*n**2 + 10. Let h = 9 + -4. Let d(o) = 7*o**2 - o + 11. Let v(r) = h*d(r) - 6*i(r). Suppose 0 = 3*g + 6 + 6. Give v(g).
-1
Let v(r) = -3*r. Let x be v(1). Let a = -2 + x. Let g(d) be the third derivative of d**5/60 + d**4/3 + d**3 - 36*d**2. Give g(a).
-9
Let i be (-1 - -3) + 0/2. Let l(n) = i + 0 + n - 3*n. Let z = 2 - 5. Determine l(z).
8
Let w(f) = -f**2 - 3*f + 15. Let r be w(-6). Let x(g) = g**3 + 2*g**2 - 5*g - 2. Calculate x(r).
4
Let y be ((-22)/6 + 3)*-84. Let t be 12/(-7)*y/(-16). Let w(u) = -u**2 + 7*u - 4. Calculate w(t).
2
Let a(j) = -j**3 + j**2 + j + 1. Let d(w) = w**3 + 6*w**2 + 4*w - 5. Let c be d(-5). Determine a(c).
1
Suppose 1 = 3*t + 10, 4*t + 15 = b. Suppose b*o - 25 + 2 = a, o - a = 11. Let k(v) = v**3 - 7*v**2 + 4*v + 8. Give k(o).
-4
Let p = -136 - -139. Let n(v) = v**2 - 3*v + 3. Calculate n(p).
3
Let b(s) be the third derivative of s**7/2520 + s**5/120 + s**4/24 + 3*s**2. Let u(n) be the second derivative of b(n). Determine u(-2).
5
Let x(r) be the first derivative of r**4/2 - r**3 + r**2/2 + 2*r + 6. Suppose 8 = 2*w + 2*w. What is x(w)?
8
Suppose 3*n + 7 = k + 18, 5*k - 3*n + 55 = 0. Let p = 19 - 12. Let u = p + k. Let b(t) = 2*t + 2. Give b(u).
-6
Let j(v) = -10*v**3 - 11*v**2 + 10*v + 3. Let o(c) = 7*c**3 + 7*c**2 - 7*c - 2. Let y(u) = -5*j(u) - 7*o(u). What is y(-6)?
5
Let j(c) = -c. Let d be -2 - -3*40/15. What is j(d)?
-6
Let v(q) = -2*q + 5. Let y(g) = 5*g - 11. Let r(d) = -7*v(d) - 3*y(d). Let h be 42/(-36) + (-1)/(-6). Let l = -2 - h. Give r(l).
-1
Suppose 2 = v + 6. Let q be (12/10)/(v/(-10)). Let o(l) = 2*l - l**q + 5 - l - l**2 + 0. Calculate o(0).
5
Let d(w) be the first derivative of -w**4/4 + 7*w**3/3 + 9*w - 10. Calculate d(7).
9
Suppose -3*h - 2*r + 3 = -16, -27 = -5*h - r. Let c(m) = m. Let w be c(h). Let v(x) be the second derivative of x**4/12 - 5*x**3/6 - x. Calculate v(w).
0
Let s(d) be the third derivative of d**6/90 - d**4/8 + d**2. Let u(r) be the second derivative of s(r). Determine u(1).
8
Let j(i) = 3*i. Let r(q) = 2*q. Let d(o) = 4*j(o) - 7*r(o). Let c(z) = -z**3 + 2*z**2 + 3*z + 1. Let u be c(3). Let h be u*(-1 - -1 - 4). Give d(h).
8
Let b(z) be the third derivative of -z**6/120 + 2*z**5/15 + z**4/24 - z**3/2 - 9*z**2. Give b(8).
5
Let d(q) = -q - 13. Suppose 0 = -32*p + 35*p + 21. Give d(p).
-6
Let u(f) = f - 2. Let m(j) = -j + 1. Let r(a) = -5*m(a) - 4*u(a). Let y be r(-7). Let w(v) = -2*v - 6. Calculate w(y).
2
Let y(f) = f**2 + 14*f + 3 - 6 - 7*f - 2*f**2. Determine y(5).
7
Let p(d) = -d - 3. Suppose -4 = 2*z + z + 5*k, 3*z - 5*k + 14 = 0. Let a be (-31)/z - (-8)/12. Let r = 6 - a. Give p(r).
2
Let f(y) = y - 13. Let s be f(12). Let x be (-6)/3 + (s - -1). Let j(g) = -2*g - 4. Let w(l) = -1. Let k(z) = j(z) - 4*w(z). Give k(x).
4
Let v(n) = -5*n**3. Suppose 27 = 5*u + j, -4*u - 3*j + 35 = 9. Let c = u - 4. What is v(c)?
-5
Let z be 6/(-14) + 31/7. Let v(l) = -l**2 + 5*l + 1. Calculate v(z).
5
Let d(h) = -2*h + 3. Let q(t) = -15*t**2 + 13 + 0*t**3 + 2*t**3 - 7*t - t**3 - 10*t. Let y be q(16). Determine d(y).
9
Let l(m) = -m**2 + 7*m - 2. Let r be (5 + 2)*(0 + 1). Determine l(r).
-2
Suppose -3*w - 10 = -0*g - 2*g, 0 = 5*w. Suppose -3*r = -4*c + 4 + 3, -g*c = -4*r - 8. Let n(x) = -x**3 + 4*x**2 - 4. Give n(r).
5
Let d(r) be the first derivative of -8*r - 1/3*r**3 + 6 - 4*r**2. Calculate d(-6).
4
Let f(g) be the third derivative of g**2 + 0*g + 0 - 1/6*g**4 + 0*g**3. Suppose 0*w = w - 5*s - 19, -w = -4*s - 15. Determine f(w).
4
Suppose 5 = c, 4*x + 7*c = 3*c + 8. Let r be (-2)/6*(-6)/1. Let m(i) = -i - 2 - 1 - r. What is m(x)?
-2
Let x(l) be the first derivative of 3 - l**2 + 4*l**2 - 4*l**2 + 0*l + l. Give x(3).
-5
Let p be 1/((-2)/(-5) - 6/20). Let h(m) = -m**3 + 10*m**2 + 4. What is h(p)?
4
Let t(u) be the third derivative of -4*u**2 + 0 + 1/24*u**4 + 0*u - 1/120*u**6 - u**3 - 1/60*u**5. Let n(y) = y**2 - 4*y. Let a be n(4). Calculate t(a).
-6
Let m(a) = -a + 1. Suppose -37*l + 32*l + 10 = 0. Determine m(l).
-1
Let c(f) = -f**3 - f**2 - f - 12. Let u be (-6)/9 - 4/(-6). Suppose 5*m + 0*m = u. Give c(m).
-12
Suppose 2*w + 13 = 3*b - 8, 2*b - 25 = 5*w. Let u(l) be the first derivative of l**2/2 - 2. What is u(w)?
-3
Let h(u) be the third derivative of -u**4/24 + 5*u**3/2 - u**2. Calculate h(10).
5
Let t(a) be the third derivative of -a**4/6 + 4*a**3/3 + 25*a**2. What is t(6)?
-16
Let m be 13/4 + (-3)/12. Let q(z) = 3*z - m + 2 + 0 + z. Calculate q(1).
3
Let v be 1/((-1)/(-2 + 0)). Suppose -v*h + 22 = 4*m, h - 8 = -m - 0*h. Let l(s) = 3*s**2 - s**2 - 2 - 3*s - 1 + s**m. Give l(-3).
-3
Let x(y) be the third derivative of -1/6*y**4 + 0 + 1/30*y**5 - 1/2*y**3 + 0*y + 1/120*y**6 + y**2. Give x(-2).
5
Let h(p) be the second derivative of p**4/12 + p**3/6 + p**2/2 + p. Suppose o - 2*d + 19 = 4*o, -4*d = -20. Let x = o + -5. Give h(x).
3
Let c be (-3)/(-3) + 4/1. Let o(k) = k**2 - 6*k + 3. Calculate o(c).
-2
Let h(n) = -n**2 - 3*n - 2*n - 17 + 19. Suppose 0 = i - 5*i - 24. Calculate h(i).
-4
Let a(i) = 4*i - 7. Let b be a(3). Suppose -2*h = -3 + b. Let c(x) = 7*x + 1. Give c(h).
-6
Let g(s) = 0 + 0*s + 2*s + 8 - 4. Determine g(6).
16
Let y(z) = z**3 - z**2 + z - 2. Suppose -7 = 2*v + 3*o, -o + 4 = -v - 2. Let n = v + 10. Suppose m + n - 7 = 0. What is y(m)?
4
Let x(o) = 3*o + 7. Let b be (-37)/7 - 10/(-35). Give x(b).
-8
Let n(t) = -4*t**2 + 7*t - 2. Let r(j) = j**2 + j - 1. Let w(s) = n(s) + 3*r(s). Determine w(4).
19
Let i(p) be the third derivative of p**4/24 + 5*p**3/6 - 2*p**2. Let w = -5 + 12. Suppose 5*m = w*m. Determine i(m).
5
Let y(q) = 3*q - 2*q + 0*q. Let u(g) = -6*g + 8. Let m(j) = u(j) + 4*y(j). Determine m(6).
-4
Let p(l) = -6*l - 36. Let t be p(-5). Let h(i) = i - 3. Determine h(t).
-9
Let g(v) be the second derivative of -v**3/6 - v**2/2 - 11*v. Give g(-2).
1
Let i = -18 - -13. Let u be 2*(-2)/(-4) + i. Let v(c) be the first derivative of -c**3/3 - 3*c**2 - c + 35. Calculate v(u).
7
Let b(h) be the first derivative of h**4/4 + 2*h**3 + 5*h + 4. Suppose x = 3*k + 18, 4*k - x + 24 = -3*x. Calculate b(k).
5
Let k(g) = g**3 + 2*g. Let z(c) = -3*c**2 + 1. Let x be z(1). Calculate k(x).
-12
Let y(m) = -m**3 - 4*m**2 - m - 3. Suppose 3*w = 13 + 5. Let u be ((-3)/w)/((-1)/(-8)). Calculate y(u).
1
Let p be -1 + ((-1)/1 - -2). Let o(y) = y - y + p + 2 + y. Calculate o(-3).
-1
Let t(s) be the first derivative of s**3/3 + s**2/2 + s - 7. Determine t(-3).
7
Let l(s) be the third derivative of 3*s**2 + 0*s + 0 - 1/6*s**3 + 1/24*s**4. Determine l(4).
3
Let w(u) be the second derivative of 0*u**2 + 1/3*u**3 - u + 5/24*u**4 + 1/360*u**6 - 7/120*u**5 + 0. Let s(y) be the second derivative of w(y). Determine s(5).
-5
Suppose q + 157 = 160. Let d(a) = -3*a**3 - 11*a**2 - 10*a + 13. Let t(s) = -2*s**3 - 6*s**2 - 5*s + 7. Let k(h) = -3*d(h) + 5*t(h). Determine k(q).
11
Let n(a) = a**3 - a**2 - 2*a - 2. Suppose 2 = 3*i + k - 2, 4*i + 3*k - 12 = 0. Suppose 3*c + 2*t = i, 4*c + 0*c - 2*t = -14. Give n(c).
-10
Let a(r) be the first derivative of 5*r**4/2 + r**3/3 - r**2/2 - 6. Give a(1).
10
Let g(s) = 4*s**2 - 1. Suppose x = -x. Let y = 2 - x. Suppose -5*f = y + 3. Give g(f).
3
Let a(f) = 7*f - 1. Supp